
Let a(k) = -38*k**2 - 2. Let v be a(1). Let x = v - -35. Let t(d) = d**2 + 6*d - 2. What is t(x)?
-7
Let y(s) be the second derivative of s**5/20 - s**4/6 + s**3/6 - 7*s**2/2 + 234*s. Determine y(3).
5
Let z(p) = -17*p + 5. Suppose 20*u - 14*u = -48. Let j(n) = -5*n + 2. Let w(l) = u*j(l) + 3*z(l). What is w(-1)?
10
Suppose 2*y = -g + 23, 0 = -5*y + 2*g - g + 61. Let p(s) = 1 - 6*s - s - 6*s + y*s. What is p(-3)?
4
Let s = 41 - 44. Let h be -5 - s/3 - 0. Let i(v) = -v**3 - 4*v**2 + v - 2. Calculate i(h).
-6
Suppose -4*t - t = -3*p - 1, 5*p + 13 = -3*t. Let v(o) = o + 0*o**2 - 3*o - 4*o**2 - o**3 - 2 + 0*o. Calculate v(p).
-6
Let b(c) = -c**2 - 11*c + 16. Let f be -72 - -75 - (-15)/(-2)*2. Determine b(f).
4
Let g(t) = 9*t + 13. Suppose 0 = -10*b + 6*b - 8. Calculate g(b).
-5
Let d = 43 + -35. Let b be (-4 + 0)/(-4) + d. Let m(u) = -u**3 + 9*u**2 - 4. Calculate m(b).
-4
Suppose s = 3*s + 2. Let k(c) = -c**3 + 6*c**2 - 8*c + 7. Let v(t) = t - 1. Let y(q) = s*k(q) - 2*v(q). Let d be (31/124)/((-3)/(-60)). What is y(d)?
0
Suppose -14*c + 4 = -13*c. Let p(q) = c*q**3 - 3*q**3 - 227*q**2 + 7 + 233*q**2 - 8*q. Calculate p(-7).
14
Suppose -11 = -4*s - x, -1 - 1 = 2*x. Suppose 2*v + 4*m = 14, 5*v + 4 = s*m - 0. Let g(n) be the first derivative of -5*n**2/2 - n - 3. Calculate g(v).
-6
Let a = 10 + -15. Let g(b) = -b - 8 + 2*b**2 - 3*b + b. Let h(y) = y**2 + y - 1. Let n(c) = g(c) - 3*h(c). Give n(a).
0
Let b(s) be the first derivative of -5*s**3/3 - s**2/2 + 2*s + 21. Calculate b(1).
-4
Let y(u) be the second derivative of -2*u**5/5 + u**4/6 - u**3/2 + u**2/2 + 131*u. Determine y(1).
-8
Suppose p + 0*u - u - 3 = 0, -4*p = -5*u - 12. Suppose 5*y = -w - 15, 15 - 1 = p*y - 4*w. Let l(o) = -6*o - 3. Determine l(y).
9
Let t be 3 - (-1 - 2 - -3). Suppose 3*n + t*y + 6 = 0, 5*n + 3*y + 8 = 3*n. Suppose n*o = 4*o - 4. Let f(i) = i**2 + 3*i - 3. Determine f(o).
7
Let r(l) = 5*l - 55. Let t be r(11). Let k(d) = -d - 8. Give k(t).
-8
Let i(q) = 2*q**2 + 11*q - 7. Let u be i(-5). Let x(l) = -l**3 - 11*l**2 + 9*l - 13. Determine x(u).
23
Let x be 1351/21 - (-1)/(-3). Let h be ((-48)/x)/(1/8). Let f(q) = 2*q + 5. Determine f(h).
-7
Let v = -16 - -23. Let g(l) = 1 + 0*l**2 + 6*l**2 - v*l**2. What is g(0)?
1
Let j(q) = q**2 + 6*q + 4. Let k(t) = -t**3 - 5*t**2 - 5*t - 8. Suppose -4*c - 5*g - 15 = 6, -5*c - g - 21 = 0. Let s be k(c). Give j(s).
-4
Let z be 3/(-10) - 2376/(-720). Let r(m) = -2*m**2 + m - 2. Give r(z).
-17
Let j(w) = -2*w + 4. Let o = 6 - 6. Suppose o*k + 6 = 2*k. Let v be j(k). Let b(l) = -l**3 - l. Calculate b(v).
10
Let z(j) = -6*j**2 + 1. Suppose -b + 5 = 3*y, 3*b = -2*y - y + 27. Suppose b*l + 3 = 14*l. Give z(l).
-5
Suppose -z = 4 - 6. Let k(j) = 4*j + 11*j**2 - 5 + 6*j**z - 15*j**2. What is k(-4)?
11
Let c(q) = q**3 - 3*q**2. Suppose 2*b - 14 = 2*u, b - 5 = 2*u + 4. Let o be ((-2)/(-12)*u)/(1/(-9)). Calculate c(o).
0
Let y(f) = -1 - 4*f**2 - 3*f + 5*f**2 - 1 - 6*f. Let j be ((-1)/3)/(16/80)*-3. What is y(j)?
-22
Suppose -3*v + 9 = 5*f, 15 = 4*f - 9*f + 5*v. Let r(o) = o + 3 + 1 + f - 2. Determine r(5).
7
Suppose -4*c - 2*w + 16 = 0, 0*c = 2*c + 5*w. Suppose -c*s = -0*s - 5. Let x(k) = -5*k. Calculate x(s).
-5
Let h be (-2 + 1)*(-20)/4. Let u be (-3 - -4)*3 - h. Let p(w) = w**3 - 17*w**2 + 21*w**2 + 2 + w + 2*w. What is p(u)?
4
Let c be 4015/5610 - (64/34 - 2). Let i(k) be the second derivative of -1/6*k**3 + 0*k**2 + 0 - c*k**4 + 6*k. Give i(1).
-11
Let i(j) = -j + 4. Let d(g) = -g**2 + 50*g + 280. Let n be d(55). Give i(n).
-1
Let y(r) = -r**3 + 6*r**2 - 2*r + 12. Let d be y(6). Let j(u) = 2 - 5 - 3 + u + d*u. Determine j(5).
-1
Suppose 0*v = -4*v - z + 45, 4*v - 2*z = 42. Suppose v*f = 12*f. Let s(w) = w**3 - w**2 + w - 4. Calculate s(f).
-4
Let h(l) be the third derivative of -l**4/8 - l**3/3 - 246*l**2. Determine h(-6).
16
Let z(l) = -l + 11. Let g = -486 + 495. Calculate z(g).
2
Let u be -15*(14/(-112) - 6/80). Let h(y) = -y**2 + 6*y - 10. Give h(u).
-1
Suppose 0 = 14*g + 27 - 13. Let x(s) = -s - 1. Calculate x(g).
0
Let k(r) be the first derivative of r**2/2 - 11*r + 139. Give k(12).
1
Let v(r) = -9*r + 46. Suppose 0 = -774*k + 778*k - 20. What is v(k)?
1
Let x be (-128)/(-12) - (-8)/6. Suppose p = -x + 14. Let u be p*4/((-16)/10). Let d(i) = -i**3 - 7*i**2 - 6*i + 3. Determine d(u).
-17
Let t(g) = -2*g**2 - g - 2. Let k(m) = 2*m**3 - 3*m**2 + 3*m. Let b be (1 - 1) + (9 - 8). Let c be k(b). Give t(c).
-12
Let g(o) = -4 + 5 + 0 - 2*o. Suppose 3*s = 2*v - 7, 2*v - v + 7 = -2*s. Let i = s + 6. Give g(i).
-5
Let y(d) = d**2 + 4*d. Let i be y(-2). Let o(q) = 3*q + 1. Let r(t) = 0*t - t + 0*t + 0*t. Let z(u) = 3*o(u) + 8*r(u). Calculate z(i).
-1
Let o be (-7 - -2)*(0 + 1 + -2). Let z(j) = o - j + 3 - 7. Calculate z(7).
-6
Let g(u) = -u**3 - 7*u**2 + 7*u + 2. Suppose 0 = 3*a - a + 2*s - 18, -2*a + 4*s = 0. Let f be ((-10)/(-5))/12 - 49/a. Calculate g(f).
10
Suppose 31*m = 29*m + 6. Suppose m*x - 510 = -2*x. Let k(c) = 2*c + 87 - c - x. Determine k(0).
-15
Let q(x) = 0*x**2 - 3*x**2 - 2*x + 4*x + x**3 + 1. Suppose 0 = 3*u - 1 + 49. Let t = u - -18. Calculate q(t).
1
Suppose -12*t + 14*t + b = 11, 33 = 5*t - 3*b. Let k(q) be the second derivative of t*q - 1/6*q**3 + 0 - 1/12*q**4 - 1/4*q**5 + 0*q**2. Determine k(-1).
5
Let j(d) be the first derivative of -d**4/4 + 7*d**3/3 - 5*d**2/2 + 1. Let b = 967 - 961. Give j(b).
6
Let l(h) be the third derivative of h**5/12 - h**4/24 - h**2 - 11. Suppose 0 = -3*r + 3. Let w be (-1)/((-1)/(-1))*r. What is l(w)?
6
Let f(u) = u**2 + 3*u - 1. Suppose -11*w - 9 = -14*w. Let a be (-1 + 4/w)*15. Suppose 4*g - a*h + 27 = 0, 2*h = 3*h - 3. What is f(g)?
-1
Let a(p) = -2*p**2 + 19*p - 29. Let v(q) = 3*q**2 - 19*q + 32. Let d(n) = 4*a(n) + 3*v(n). What is d(-20)?
0
Let g(q) = -q**2 - 14*q - 12. Suppose -945 = 78*s + 147. Calculate g(s).
-12
Let q be 90/60 + 2/(-4). Let v(d) be the first derivative of -11/4*d**4 + 0*d**2 + 0*d**3 + 0*d + q. Give v(1).
-11
Let g(q) = -q**3 - 6*q**2 + 8*q + 2. Suppose 2 = -d + 5*a, 0 = -4*d - 3*a - 20 - 11. Give g(d).
-5
Let j(v) = v**2 + 17*v + 7. Let h(m) = 5*m - 46. Let n be h(6). Determine j(n).
-9
Suppose -4 = -8*p + 6*p. Suppose -7*o + p*o + 65 = 0. Let u = 8 - o. Let c(g) = g**2 + 5*g - 5. Calculate c(u).
-5
Let y(o) = 7*o**3 + o**2 + 2*o + 1. Let b(g) = -7*g**3 - g**2 - g - 1. Let r = 28 - 32. Let t(f) = r*b(f) - 3*y(f). Calculate t(1).
7
Let z(l) = l**2 + 16*l + 65. Let f be z(-10). Let q(s) = -7*s - 2. Let g(w) = -10*w - 3. Let t(k) = -5*g(k) + 7*q(k). Determine t(f).
6
Let i(u) = -u**3 - 5*u**2 - 7*u - 6. Let w be -5 - (0 - 1 - 0). Give i(w).
6
Let c(q) be the first derivative of -q**2/2 + q - 148. Let f be 18/10 + 10/50. Determine c(f).
-1
Let f(g) = -7*g**3 + 17*g**2 - 9*g + 28. Let t(s) = 11*s**3 - 26*s**2 + 14*s - 42. Let u(v) = -8*f(v) - 5*t(v). Determine u(6).
-2
Let o(s) = s**2 - 2*s - 2. Suppose -3*m - 15 = 0, -4*v - 4*m - 21 - 23 = 0. Give o(v).
46
Let v(a) = 11*a**2 - 1. Let n = -66 + 102. Let z = 35 - n. Calculate v(z).
10
Let s(i) = -i**2 + i. Let r(u) = u**3 - 5*u**2 - 2*u - 3. Let t(l) = -r(l) - 2*s(l). Let n be t(7). Let d(q) = 29*q - 33*q + 2 - n. What is d(1)?
-5
Let c(m) = -m**3 - 9*m + 5*m + 0*m + 2 - 6*m**2. Suppose 0*q - q + 17 = -3*n, 0 = -3*n - 2*q - 11. What is c(n)?
-3
Let o(t) = -15*t**2 - 61*t + 9. Let p(g) = -3*g**2 - 13*g + 2. Let a(c) = 2*o(c) - 11*p(c). Give a(-7).
-4
Let m(w) be the third derivative of -w**6/120 - w**5/15 + w**4/24 + 2*w**3/3 - 2*w**2. Let h = 5 + 2. Suppose 4*d = h*d + 12. Determine m(d).
0
Let y = 3 - 5. Suppose -18 = -5*i + 4*v, 3*i + 5*v = -3 - 1. Let p(o) = 1 - 5*o + 3*o - 163*o**i + 158*o**2. Determine p(y).
-15
Let r(p) = -3*p - 7. Let c(z) = 3 + 8 - 4 + 4*z. Let o(n) = 4*c(n) + 5*r(n). Give o(0).
-7
Let u(v) = v**2 + 7*v - 60. Let l be u(-12). Suppose -w = 5*p + 1, l = -3*p + 5*w - 0 + 5. Let j(t) = -t**3 - t**2 - t - 12. Determine j(p).
-12
Let o = -3 + 7. Let t(d) = -d**3 + 6*d**2 - d + 8. Let g be t(6). Let f(m) = 5*m + 2 - o*m - g. Determine f(1).
1
Let v(d) be the first derivative of 5*d**2 + d - 4. Suppose -3*j - 136 + 133 = 0. Determine v(j).
-9
Let b = 9 + -7. Let d(u) = -u**3 + 4*u + 3. Let o(l) = l**2. Let c(j) = b*o(j) - d(j). Suppose 3*k + 2*k + 15 = 0. Determine c(k).
0
Suppose -5*o + 5*c = -35, -27*o = -25*